{"id":11909,"date":"2019-01-01T20:56:10","date_gmt":"2019-01-01T19:56:10","guid":{"rendered":"http:\/\/www.lo.internetdsl.pl\/?page_id=11909"},"modified":"2019-01-01T21:57:35","modified_gmt":"2019-01-01T20:57:35","slug":"11909-2","status":"publish","type":"page","link":"https:\/\/www.lo.internetdsl.pl\/?page_id=11909","title":{"rendered":"TOKAT w TURCJI, czyli chwalimy si\u0119 TRADYCJAMI i KUCHNI\u0104 lub BOGACTWAMI NATURALNYMI &#8211; konkurs"},"content":{"rendered":"<p>UWAGA KONKURS!!!<\/p>\n<p>W ramach projektu Erasmus+ <strong>Local Treasures in European Context<\/strong> (<strong>2018-1-RO01-KA229-049304_2<\/strong>) szukamy lokalnych skarb\u00f3w dotycz\u0105cych TRADYCJI I KUCHNI, najlepiej z obszaru KOCIEWIA. Tematem filmu mo\u017ce te\u017c by\u0107 lokalne BOGACTWO NATURALNE np. przyrodnicze, geograficzne itp. Mo\u017cesz r\u00f3wnie\u017c wykorzysta\u0107 do\u015bwiadczenia naukowe przeprowadzane na lekcjach.<\/p>\n<p>Nakr\u0119\u0107 film (ok 3 minutowy, max 5 minut) z komentarzem pisemnym lub ustnym w j\u0119zyku angielskim. Film mo\u017ce zawiera\u0107 zdj\u0119cia, wywiady lub inne materia\u0142y.<\/p>\n<h4>Na Wasze prace czekamy do <strong><span style=\"color: #0000ff;\">21 stycznia 2019<\/span><\/strong>!<\/h4>\n<p><strong>Autorzy najciekawszych film\u00f3w wyjad\u0105 w marcu do Tokat w Turcji na kolejne ju\u017c spotkanie wszystkich uczestnicz\u0105cych szk\u00f3\u0142.<\/strong><\/p>\n<h4><strong><span style=\"color: #008000;\">Koniecznie NA POCZ\u0104TKU filmu umie\u015b\u0107 logo projektu, logo Erasmus+ oraz logo szko\u0142y, nazw\u0119 i numer projektu (wszystko znajdziesz w tym po\u015bcie). Loga musz\u0105 mie\u0107 zachowane proporcje, nie mo\u017cna ich zniekszta\u0142ca\u0107!<\/span><br \/>\n<\/strong><\/h4>\n<p>Dodatkowe informacje i prace mo\u017cna zostawia\u0107 u p. Anny Kowalskiej-Karpa\u0142y, p. Agnieszki Megger lub p.Danuty Piontek.<\/p>\n<p><a href=\"https:\/\/www.lo.internetdsl.pl\/wp-content\/uploads\/EU-flag-Erasmus_vect_POS-2.jpg\" rel=\"lightbox[11909]\"><img loading=\"lazy\" class=\"size-full wp-image-11588 aligncenter\" src=\"https:\/\/www.lo.internetdsl.pl\/wp-content\/uploads\/EU-flag-Erasmus_vect_POS-2.jpg\" alt=\"\" width=\"1964\" height=\"561\"><\/a> <a href=\"https:\/\/www.lo.internetdsl.pl\/wp-content\/uploads\/logo-ILO-owal.png\" rel=\"lightbox[11909]\"><img loading=\"lazy\" class=\"size-full wp-image-11902 aligncenter\" src=\"https:\/\/www.lo.internetdsl.pl\/wp-content\/uploads\/logo-ILO-owal.png\" alt=\"\" width=\"300\" height=\"247\"><\/a> <a href=\"https:\/\/www.lo.internetdsl.pl\/wp-content\/uploads\/LTEC-circle.png\" rel=\"lightbox[11909]\"><img loading=\"lazy\" class=\"wp-image-11899 aligncenter\" src=\"https:\/\/www.lo.internetdsl.pl\/wp-content\/uploads\/LTEC-circle.png\" alt=\"\" width=\"629\" height=\"627\"><\/a><\/p>\n","protected":false},"excerpt":{"rendered":"<p>UWAGA KONKURS!!! W ramach projektu Erasmus+ Local Treasures in European Context (2018-1-RO01-KA229-049304_2) szukamy lokalnych skarb\u00f3w dotycz\u0105cych TRADYCJI I KUCHNI, najlepiej z obszaru KOCIEWIA. Tematem filmu mo\u017ce te\u017c by\u0107 lokalne BOGACTWO &hellip; <a href=\"https:\/\/www.lo.internetdsl.pl\/?page_id=11909\" class=\"more-link\">Read More<\/a><\/p>\n","protected":false},"author":2,"featured_media":0,"parent":0,"menu_order":0,"comment_status":"closed","ping_status":"closed","template":"","meta":{"ngg_post_thumbnail":0},"_links":{"self":[{"href":"https:\/\/www.lo.internetdsl.pl\/index.php?rest_route=\/wp\/v2\/pages\/11909"}],"collection":[{"href":"https:\/\/www.lo.internetdsl.pl\/index.php?rest_route=\/wp\/v2\/pages"}],"about":[{"href":"https:\/\/www.lo.internetdsl.pl\/index.php?rest_route=\/wp\/v2\/types\/page"}],"author":[{"embeddable":true,"href":"https:\/\/www.lo.internetdsl.pl\/index.php?rest_route=\/wp\/v2\/users\/2"}],"replies":[{"embeddable":true,"href":"https:\/\/www.lo.internetdsl.pl\/index.php?rest_route=%2Fwp%2Fv2%2Fcomments&post=11909"}],"version-history":[{"count":0,"href":"https:\/\/www.lo.internetdsl.pl\/index.php?rest_route=\/wp\/v2\/pages\/11909\/revisions"}],"wp:attachment":[{"href":"https:\/\/www.lo.internetdsl.pl\/index.php?rest_route=%2Fwp%2Fv2%2Fmedia&parent=11909"}],"curies":[{"name":"wp","href":"https:\/\/api.w.org\/{rel}","templated":true}]}}