{"id":11593,"date":"2018-10-07T17:45:04","date_gmt":"2018-10-07T15:45:04","guid":{"rendered":"http:\/\/www.lo.internetdsl.pl\/?page_id=11593"},"modified":"2018-10-09T22:22:29","modified_gmt":"2018-10-09T20:22:29","slug":"sycylia-czyli-chwalimy-sie-historia","status":"publish","type":"page","link":"https:\/\/www.lo.internetdsl.pl\/?page_id=11593","title":{"rendered":"Sycylia, czyli chwalimy si\u0119 HISTORI\u0104 &#8211; konkurs"},"content":{"rendered":"<p><a href=\"https:\/\/www.lo.internetdsl.pl\/wp-content\/uploads\/EU-flag-Erasmus_vect_POS-2.jpg\" rel=\"lightbox[11593]\"><img loading=\"lazy\" class=\"alignnone size-full wp-image-11588\" src=\"https:\/\/www.lo.internetdsl.pl\/wp-content\/uploads\/EU-flag-Erasmus_vect_POS-2.jpg\" alt=\"\" width=\"1964\" height=\"561\"><\/a><\/p>\n<p style=\"text-align: center;\">UWAGA KONKURS!!!<\/p>\n<p>W ramach projektu Erasmus+ <strong>Local Treasures in European Context<\/strong> (<strong>2018-1-RO01-KA229-049304_2<\/strong>) szukamy lokalnych skarb\u00f3w dotycz\u0105cych HISTORII.<\/p>\n<p>Znajd\u017a miejsce, stowarzyszenie, wystaw\u0119, pomnik lub inn\u0105 ciekaw\u0105 rzecz zwi\u0105zan\u0105 z lokaln\u0105 histori\u0105. Nakr\u0119\u0107 o niej film (ok 3 minutowy, max 5 minut) z komentarzem pisemnym lub ustnym w <span style=\"text-decoration: underline;\">j\u0119zyku angielskim<\/span>. Film mo\u017ce zawiera\u0107 zdj\u0119cia, wywiady lub inne materia\u0142y.<\/p>\n<p><span style=\"text-decoration: underline;\">Na Wasze prace czekamy do 25 pa\u017adziernika 2018!<\/span><\/p>\n<p><strong>Autorzy najciekawszych film\u00f3w wyjad\u0105 w grudniu na Sycyli\u0119 na pierwsze spotkanie wszystkich uczestnicz\u0105cych szk\u00f3\u0142.<\/strong><\/p>\n<h4><strong><span style=\"text-decoration: underline;\"><span style=\"color: #008000; text-decoration: underline;\">Koniecznie do\u0142\u0105cz do filmu logo Erasmus+ oraz logo szko\u0142y, nazw\u0119 i numer projektu (wszystko znajdziesz w tym po\u015bcie).<\/span><\/span><br \/>\n<\/strong><\/h4>\n<p>Dodatkowe informacje i prace mo\u017cna zostawia\u0107 u p. Anny Kowalskiej-Karpa\u0142y, p. Agnieszki Megger lub p.Danuty Piontek.<\/p>\n<p><a href=\"https:\/\/www.lo.internetdsl.pl\/wp-content\/uploads\/logo.png\" rel=\"lightbox[11593]\"><img loading=\"lazy\" class=\"size-full wp-image-11507 aligncenter\" src=\"https:\/\/www.lo.internetdsl.pl\/wp-content\/uploads\/logo.png\" alt=\"\" width=\"497\" height=\"409\"><\/a><\/p>\n","protected":false},"excerpt":{"rendered":"<p>UWAGA KONKURS!!! W ramach projektu Erasmus+ Local Treasures in European Context (2018-1-RO01-KA229-049304_2) szukamy lokalnych skarb\u00f3w dotycz\u0105cych HISTORII. Znajd\u017a miejsce, stowarzyszenie, wystaw\u0119, pomnik lub inn\u0105 ciekaw\u0105 rzecz zwi\u0105zan\u0105 z lokaln\u0105 histori\u0105. &hellip; <a href=\"https:\/\/www.lo.internetdsl.pl\/?page_id=11593\" class=\"more-link\">Read More<\/a><\/p>\n","protected":false},"author":2,"featured_media":0,"parent":0,"menu_order":0,"comment_status":"closed","ping_status":"closed","template":"","meta":{"ngg_post_thumbnail":0},"_links":{"self":[{"href":"https:\/\/www.lo.internetdsl.pl\/index.php?rest_route=\/wp\/v2\/pages\/11593"}],"collection":[{"href":"https:\/\/www.lo.internetdsl.pl\/index.php?rest_route=\/wp\/v2\/pages"}],"about":[{"href":"https:\/\/www.lo.internetdsl.pl\/index.php?rest_route=\/wp\/v2\/types\/page"}],"author":[{"embeddable":true,"href":"https:\/\/www.lo.internetdsl.pl\/index.php?rest_route=\/wp\/v2\/users\/2"}],"replies":[{"embeddable":true,"href":"https:\/\/www.lo.internetdsl.pl\/index.php?rest_route=%2Fwp%2Fv2%2Fcomments&post=11593"}],"version-history":[{"count":0,"href":"https:\/\/www.lo.internetdsl.pl\/index.php?rest_route=\/wp\/v2\/pages\/11593\/revisions"}],"wp:attachment":[{"href":"https:\/\/www.lo.internetdsl.pl\/index.php?rest_route=%2Fwp%2Fv2%2Fmedia&parent=11593"}],"curies":[{"name":"wp","href":"https:\/\/api.w.org\/{rel}","templated":true}]}}